{"id":661,"date":"2017-09-14T12:45:17","date_gmt":"2017-09-14T10:45:17","guid":{"rendered":"https:\/\/www.wolfert.nl\/tweetalig\/schoolinfo\/leerjaar-1-kopie\/"},"modified":"2025-08-28T15:21:58","modified_gmt":"2025-08-28T13:21:58","slug":"tweetalig_havo","status":"publish","type":"page","link":"https:\/\/www.wolfert.nl\/tweetalig\/schoolinfo\/tweetalig_havo\/","title":{"rendered":"Tweetalig havo"},"content":{"rendered":"\n<style type=\"text\/css\" data-created_by=\"avia_inline_auto\" id=\"style-css-av-3a2885-1c6981004a5cd7b46d053ae8b13b674a\">\n.flex_column.av-3a2885-1c6981004a5cd7b46d053ae8b13b674a{\nborder-radius:0px 0px 0px 0px;\n-webkit-border-radius:0px 0px 0px 0px;\n-moz-border-radius:0px 0px 0px 0px;\n}\n<\/style>\n<div class='flex_column av-3a2885-1c6981004a5cd7b46d053ae8b13b674a av_one_full  avia-builder-el-0  avia-builder-el-no-sibling  first flex_column_div av-zero-column-padding '   ><p>\n<style type=\"text\/css\" data-created_by=\"avia_inline_auto\" id=\"style-css-av-av4r9-62cb8e1e8fa38edee264671fc0fa8d6c\">\n#top .av-special-heading.av-av4r9-62cb8e1e8fa38edee264671fc0fa8d6c{\npadding-bottom:10px;\n}\nbody .av-special-heading.av-av4r9-62cb8e1e8fa38edee264671fc0fa8d6c .av-special-heading-tag .heading-char{\nfont-size:25px;\n}\n.av-special-heading.av-av4r9-62cb8e1e8fa38edee264671fc0fa8d6c .av-subheading{\nfont-size:15px;\n}\n<\/style>\n<div  class='av-special-heading av-av4r9-62cb8e1e8fa38edee264671fc0fa8d6c av-special-heading-h2 blockquote modern-quote  avia-builder-el-1  el_before_av_textblock  avia-builder-el-first '><h2 class='av-special-heading-tag'  itemprop=\"headline\"  >Tweetalig havo<\/h2><div class=\"special-heading-border\"><div class=\"special-heading-inner-border\"><\/div><\/div><\/div><br \/>\n<section  class='av_textblock_section av-2u41p9-13b43dbec23ca67b817abe2a6ce0ca4e'  itemscope=\"itemscope\" itemtype=\"https:\/\/schema.org\/CreativeWork\" ><div class='avia_textblock'  itemprop=\"text\" ><p>De tweetalige havo-opleiding van Wolfert Tweetalig biedt getalenteerde havo-leerlingen een vijfjarig uitdagend internationaal programma met heel veel extra&#8217;s.<\/p>\n<\/div><\/section><br \/>\n<div  class='togglecontainer av-2rlg4l-8ca3d88f482a6c45324b8092bfd61312  avia-builder-el-3  el_after_av_textblock  el_before_av_image  toggle_close_all' >\n<section class='av_toggle_section av-2mkyfx-38356525f25f70cfab4a17ae9dbe277d'  itemscope=\"itemscope\" itemtype=\"https:\/\/schema.org\/CreativeWork\" ><div role=\"tablist\" class=\"single_toggle\" data-tags=\"{Alle} \"  ><p data-fake-id='#toggle-id-1' class='toggler   '  itemprop=\"headline\"  role='tab' tabindex='0' aria-controls='toggle-id-1'>Bijzondere examenvakken<span class=\"toggle_icon\"><span class=\"vert_icon\"><\/span><span class=\"hor_icon\"><\/span><\/span><\/p><div id='toggle-id-1' class='toggle_wrap  '  ><div class='toggle_content invers-color '  itemprop=\"text\" ><p>Wolfert Tweetalig biedt haar havo-leerlingen bijzondere examenvakken zoals Spaans, Chinees, drama, en filosofie.<\/p>\n<\/div><\/div><\/div><\/section>\n<section class='av_toggle_section av-2ektr9-b87221c386b62596da9434e860b01b22'  itemscope=\"itemscope\" itemtype=\"https:\/\/schema.org\/CreativeWork\" ><div role=\"tablist\" class=\"single_toggle\" data-tags=\"{Alle} \"  ><p data-fake-id='#toggle-id-2' class='toggler   '  itemprop=\"headline\"  role='tab' tabindex='0' aria-controls='toggle-id-2'>Internationale certificaten<span class=\"toggle_icon\"><span class=\"vert_icon\"><\/span><span class=\"hor_icon\"><\/span><\/span><\/p><div id='toggle-id-2' class='toggle_wrap  '  ><div class='toggle_content invers-color '  itemprop=\"text\" ><p>Alle tweetalige havo-leerlingen nemen deel aan het <em>Cambridge IGCSE<\/em> examen <em>Global Perspectives\u00a0<\/em>en aan het <em>International Baccalaureate (IB) English Certificate<\/em> examen. Dit examen traint de leerlingen kritisch te denken, papers te schrijven en teksten te vergelijken. Havo-leerlingen op Wolfert Tweetalig behalen in vijf jaar, naast een tweetalig havo-diploma, dus ook verschillende internationaal erkende certificaten.<\/p>\n<\/div><\/div><\/div><\/section>\n<section class='av_toggle_section av-26dd6l-8a1ff058b6611d4de1ae9863726c3acd'  itemscope=\"itemscope\" itemtype=\"https:\/\/schema.org\/CreativeWork\" ><div role=\"tablist\" class=\"single_toggle\" data-tags=\"{Alle} \"  ><p data-fake-id='#toggle-id-3' class='toggler   '  itemprop=\"headline\"  role='tab' tabindex='0' aria-controls='toggle-id-3'>Politieke bewustwording en participatie<span class=\"toggle_icon\"><span class=\"vert_icon\"><\/span><span class=\"hor_icon\"><\/span><\/span><\/p><div id='toggle-id-3' class='toggle_wrap  '  ><div class='toggle_content invers-color '  itemprop=\"text\" ><p>Naast politieke onderwerpen die in de klas worden behandeld, kent Wolfert Tweetalig een doorlopend en leerjaaroverstijgend traject waarin politieke bewustwording bij en participatie van leerlingen centraal staat. Zo nemen onze havo-leerlingen bijvoorbeeld deel aan het <em><a href=\"https:\/\/www.mepnederland.nl\/\" target=\"_blank\" rel=\"noopener\">Model European\u00a0Parliament<\/a>\u00a0<\/em>(<em>MEP<\/em>). In dit kader wordt ook veel aandacht besteed aan debatteren.<\/p>\n<\/div><\/div><\/div><\/section>\n<section class='av_toggle_section av-209vy5-25864c457435d6c8ab0a2c62c613210b'  itemscope=\"itemscope\" itemtype=\"https:\/\/schema.org\/CreativeWork\" ><div role=\"tablist\" class=\"single_toggle\" data-tags=\"{Alle} \"  ><p data-fake-id='#toggle-id-4' class='toggler   '  itemprop=\"headline\"  role='tab' tabindex='0' aria-controls='toggle-id-4'>Divers internationaal programma<span class=\"toggle_icon\"><span class=\"vert_icon\"><\/span><span class=\"hor_icon\"><\/span><\/span><\/p><div id='toggle-id-4' class='toggle_wrap  '  ><div class='toggle_content invers-color '  itemprop=\"text\" ><p>Alle tweetalig havo-leerlingen nemen deel aan een divers internationaal programma. Zo gaan de leerlingen in thavo-2 op een onvergetelijke taalreis naar Bath in Engeland. In thavo-3 nemen leerlingen deel aan een (online) uitwisseling met jongeren uit een land in Europa.<\/p>\n<p>In het voorexamenjaar, (t)havo-4, gaan alle leerlingen op een internationale maatschappelijke stage (<a href=\"https:\/\/www.wolfert.nl\/tweetalig\/schoolinfo\/imas\/\">iMAS<\/a>) waarmee zij een actieve bijdrage aan de samenleving leveren door vrijwilligersactiviteiten. Daarnaast werken zij aan de ontwikkeling van goed burgerschap en hun eigen competenties. Wolfert Tweetalig biedt leerlingen uit (t)havo-4 de keus uit een groot aantal door school georganiseerde stageprojecten in het buitenland, waaronder in de Dominicaanse Republiek, Macedoni\u00eb, Bosni\u00eb, Roemeni\u00eb en Suriname.<\/p>\n<\/div><\/div><\/div><\/section>\n<section class='av_toggle_section av-1xs7jx-7764fd52a698f5488e53080b0826e81d'  itemscope=\"itemscope\" itemtype=\"https:\/\/schema.org\/CreativeWork\" ><div role=\"tablist\" class=\"single_toggle\" data-tags=\"{Alle} \"  ><p data-fake-id='#toggle-id-5' class='toggler   '  itemprop=\"headline\"  role='tab' tabindex='0' aria-controls='toggle-id-5'>Giving Back<span class=\"toggle_icon\"><span class=\"vert_icon\"><\/span><span class=\"hor_icon\"><\/span><\/span><\/p><div id='toggle-id-5' class='toggle_wrap  '  ><div class='toggle_content invers-color '  itemprop=\"text\" ><p><img loading=\"lazy\" decoding=\"async\" class=\"alignnone wp-image-44900\" src=\"https:\/\/www.wolfert.nl\/tweetalig\/wp-content\/uploads\/sites\/4\/2020\/04\/Untitled-2.png\" alt=\"\" width=\"435\" height=\"128\" srcset=\"https:\/\/www.wolfert.nl\/tweetalig\/wp-content\/uploads\/sites\/4\/2020\/04\/Untitled-2.png 4027w, https:\/\/www.wolfert.nl\/tweetalig\/wp-content\/uploads\/sites\/4\/2020\/04\/Untitled-2-300x89.png 300w, https:\/\/www.wolfert.nl\/tweetalig\/wp-content\/uploads\/sites\/4\/2020\/04\/Untitled-2-1030x304.png 1030w, https:\/\/www.wolfert.nl\/tweetalig\/wp-content\/uploads\/sites\/4\/2020\/04\/Untitled-2-768x227.png 768w, https:\/\/www.wolfert.nl\/tweetalig\/wp-content\/uploads\/sites\/4\/2020\/04\/Untitled-2-1536x454.png 1536w, https:\/\/www.wolfert.nl\/tweetalig\/wp-content\/uploads\/sites\/4\/2020\/04\/Untitled-2-2048x605.png 2048w, https:\/\/www.wolfert.nl\/tweetalig\/wp-content\/uploads\/sites\/4\/2020\/04\/Untitled-2-1500x443.png 1500w, https:\/\/www.wolfert.nl\/tweetalig\/wp-content\/uploads\/sites\/4\/2020\/04\/Untitled-2-705x208.png 705w, https:\/\/www.wolfert.nl\/tweetalig\/wp-content\/uploads\/sites\/4\/2020\/04\/Untitled-2-450x133.png 450w\" sizes=\"auto, (max-width: 435px) 100vw, 435px\" \/><\/p>\n<p>Wolfert Tweetalig werkt samen met het mentorprogramma van <a href=\"http:\/\/www.givingback.nl\/\" target=\"_blank\" rel=\"noopener\">Giving Back<\/a>. Stichting Giving Back begeleidt talentvolle en ambitieuze scholieren die vanwege hun achtergrond minder perspectieven hebben om hun talenten te benutten. Zij doet dit door de scholieren te stimuleren en te begeleiden, zodat zij zich kunnen ontwikkelen tot succesvolle volwassenen in de Nederlandse samenleving, waardoor zij ook zelf een rolmodel worden voor hun omgeving.<\/p>\n<p>Het programma bestaat enerzijds uit een individueel, tweejarig mentorprogramma en anderzijds uit deelname aan een groepsprogramma met trainingsweekenden (zoals een kennismakingsweekend), bedrijfsexcursies, maatschappelijke dienstverlening en een studiereis.<\/p>\n<p>Daarnaast volgen de leerlingen workshops over financi\u00ebn, debating, politiek, recht, netwerken en presenteren. Dit programma biedt een geselecteerde groep van onze scholieren een unieke kans hun horizon te verbreden en zich daarmee voor te bereiden op een succesvolle rol in de maatschappij.<\/p>\n<\/div><\/div><\/div><\/section>\n<\/div><br \/>\n\n<style type=\"text\/css\" data-created_by=\"avia_inline_auto\" id=\"style-css-av-mb7lkzj3-3b73b6918e7e90849db34f1f64752cea\">\n.avia-image-container.av-mb7lkzj3-3b73b6918e7e90849db34f1f64752cea .av-image-caption-overlay-center{\ncolor:#ffffff;\n}\n<\/style>\n<div  class='avia-image-container av-mb7lkzj3-3b73b6918e7e90849db34f1f64752cea av-styling- avia-align-center  avia-builder-el-4  el_after_av_toggle_container  avia-builder-el-last '  itemprop=\"image\" itemscope=\"itemscope\" itemtype=\"https:\/\/schema.org\/ImageObject\" ><div class=\"avia-image-container-inner\"><div class=\"avia-image-overlay-wrap\"><img decoding=\"async\" class='wp-image-135594 avia-img-lazy-loading-not-135594 avia_image' src=\"https:\/\/www.wolfert.nl\/tweetalig\/wp-content\/uploads\/sites\/4\/2024\/11\/T2A6278-1030x687.jpg\" alt='' title='T2A6278'  height=\"687\" width=\"1030\"  itemprop=\"thumbnailUrl\" srcset=\"https:\/\/www.wolfert.nl\/tweetalig\/wp-content\/uploads\/sites\/4\/2024\/11\/T2A6278-1030x687.jpg 1030w, https:\/\/www.wolfert.nl\/tweetalig\/wp-content\/uploads\/sites\/4\/2024\/11\/T2A6278-300x200.jpg 300w, https:\/\/www.wolfert.nl\/tweetalig\/wp-content\/uploads\/sites\/4\/2024\/11\/T2A6278-768x512.jpg 768w, https:\/\/www.wolfert.nl\/tweetalig\/wp-content\/uploads\/sites\/4\/2024\/11\/T2A6278-1536x1025.jpg 1536w, https:\/\/www.wolfert.nl\/tweetalig\/wp-content\/uploads\/sites\/4\/2024\/11\/T2A6278-1500x1001.jpg 1500w, https:\/\/www.wolfert.nl\/tweetalig\/wp-content\/uploads\/sites\/4\/2024\/11\/T2A6278-705x470.jpg 705w, https:\/\/www.wolfert.nl\/tweetalig\/wp-content\/uploads\/sites\/4\/2024\/11\/T2A6278-450x300.jpg 450w, https:\/\/www.wolfert.nl\/tweetalig\/wp-content\/uploads\/sites\/4\/2024\/11\/T2A6278-600x400.jpg 600w, https:\/\/www.wolfert.nl\/tweetalig\/wp-content\/uploads\/sites\/4\/2024\/11\/T2A6278.jpg 2000w\" sizes=\"(max-width: 1030px) 100vw, 1030px\" \/><\/div><\/div><\/div><\/p><\/div>\n","protected":false},"excerpt":{"rendered":"","protected":false},"author":1,"featured_media":0,"parent":111,"menu_order":68,"comment_status":"closed","ping_status":"closed","template":"","meta":{"_acf_changed":false,"footnotes":""},"class_list":["post-661","page","type-page","status-publish","hentry"],"acf":[],"yoast_head":"<!-- This site is optimized with the Yoast SEO plugin v25.9 - https:\/\/yoast.com\/wordpress\/plugins\/seo\/ -->\n<title>Tweetalig havo - Wolfert Tweetalig<\/title>\n<meta name=\"robots\" content=\"index, follow, max-snippet:-1, max-image-preview:large, max-video-preview:-1\" \/>\n<link rel=\"canonical\" href=\"https:\/\/www.wolfert.nl\/tweetalig\/schoolinfo\/tweetalig_havo\/\" \/>\n<meta property=\"og:locale\" content=\"nl_NL\" \/>\n<meta property=\"og:type\" content=\"article\" \/>\n<meta property=\"og:title\" content=\"Tweetalig havo - Wolfert Tweetalig\" \/>\n<meta property=\"og:url\" content=\"https:\/\/www.wolfert.nl\/tweetalig\/schoolinfo\/tweetalig_havo\/\" \/>\n<meta property=\"og:site_name\" content=\"Wolfert Tweetalig\" \/>\n<meta property=\"article:modified_time\" content=\"2025-08-28T13:21:58+00:00\" \/>\n<meta property=\"og:image\" content=\"https:\/\/www.wolfert.nl\/tweetalig\/wp-content\/uploads\/sites\/4\/2020\/04\/Untitled-2.png\" \/>\n\t<meta property=\"og:image:width\" content=\"4027\" \/>\n\t<meta property=\"og:image:height\" content=\"1189\" \/>\n\t<meta property=\"og:image:type\" content=\"image\/png\" \/>\n<meta name=\"twitter:card\" content=\"summary_large_image\" \/>\n<meta name=\"twitter:label1\" content=\"Geschatte leestijd\" \/>\n\t<meta name=\"twitter:data1\" content=\"3 minuten\" \/>\n<script type=\"application\/ld+json\" class=\"yoast-schema-graph\">{\"@context\":\"https:\/\/schema.org\",\"@graph\":[{\"@type\":\"WebPage\",\"@id\":\"https:\/\/www.wolfert.nl\/tweetalig\/schoolinfo\/tweetalig_havo\/\",\"url\":\"https:\/\/www.wolfert.nl\/tweetalig\/schoolinfo\/tweetalig_havo\/\",\"name\":\"Tweetalig havo - Wolfert Tweetalig\",\"isPartOf\":{\"@id\":\"https:\/\/www.wolfert.nl\/tweetalig\/#website\"},\"primaryImageOfPage\":{\"@id\":\"https:\/\/www.wolfert.nl\/tweetalig\/schoolinfo\/tweetalig_havo\/#primaryimage\"},\"image\":{\"@id\":\"https:\/\/www.wolfert.nl\/tweetalig\/schoolinfo\/tweetalig_havo\/#primaryimage\"},\"thumbnailUrl\":\"https:\/\/www.wolfert.nl\/tweetalig\/wp-content\/uploads\/sites\/4\/2020\/04\/Untitled-2.png\",\"datePublished\":\"2017-09-14T10:45:17+00:00\",\"dateModified\":\"2025-08-28T13:21:58+00:00\",\"breadcrumb\":{\"@id\":\"https:\/\/www.wolfert.nl\/tweetalig\/schoolinfo\/tweetalig_havo\/#breadcrumb\"},\"inLanguage\":\"nl-NL\",\"potentialAction\":[{\"@type\":\"ReadAction\",\"target\":[\"https:\/\/www.wolfert.nl\/tweetalig\/schoolinfo\/tweetalig_havo\/\"]}]},{\"@type\":\"ImageObject\",\"inLanguage\":\"nl-NL\",\"@id\":\"https:\/\/www.wolfert.nl\/tweetalig\/schoolinfo\/tweetalig_havo\/#primaryimage\",\"url\":\"https:\/\/www.wolfert.nl\/tweetalig\/wp-content\/uploads\/sites\/4\/2020\/04\/Untitled-2.png\",\"contentUrl\":\"https:\/\/www.wolfert.nl\/tweetalig\/wp-content\/uploads\/sites\/4\/2020\/04\/Untitled-2.png\",\"width\":4027,\"height\":1189},{\"@type\":\"BreadcrumbList\",\"@id\":\"https:\/\/www.wolfert.nl\/tweetalig\/schoolinfo\/tweetalig_havo\/#breadcrumb\",\"itemListElement\":[{\"@type\":\"ListItem\",\"position\":1,\"name\":\"Home\",\"item\":\"https:\/\/www.wolfert.nl\/tweetalig\/home-2-2\/\"},{\"@type\":\"ListItem\",\"position\":2,\"name\":\"Schoolinfo\",\"item\":\"https:\/\/www.wolfert.nl\/tweetalig\/schoolinfo\/\"},{\"@type\":\"ListItem\",\"position\":3,\"name\":\"Tweetalig havo\"}]},{\"@type\":\"WebSite\",\"@id\":\"https:\/\/www.wolfert.nl\/tweetalig\/#website\",\"url\":\"https:\/\/www.wolfert.nl\/tweetalig\/\",\"name\":\"Wolfert Tweetalig\",\"description\":\"\",\"potentialAction\":[{\"@type\":\"SearchAction\",\"target\":{\"@type\":\"EntryPoint\",\"urlTemplate\":\"https:\/\/www.wolfert.nl\/tweetalig\/?s={search_term_string}\"},\"query-input\":{\"@type\":\"PropertyValueSpecification\",\"valueRequired\":true,\"valueName\":\"search_term_string\"}}],\"inLanguage\":\"nl-NL\"}]}<\/script>\n<!-- \/ Yoast SEO plugin. -->","yoast_head_json":{"title":"Tweetalig havo - Wolfert Tweetalig","robots":{"index":"index","follow":"follow","max-snippet":"max-snippet:-1","max-image-preview":"max-image-preview:large","max-video-preview":"max-video-preview:-1"},"canonical":"https:\/\/www.wolfert.nl\/tweetalig\/schoolinfo\/tweetalig_havo\/","og_locale":"nl_NL","og_type":"article","og_title":"Tweetalig havo - Wolfert Tweetalig","og_url":"https:\/\/www.wolfert.nl\/tweetalig\/schoolinfo\/tweetalig_havo\/","og_site_name":"Wolfert Tweetalig","article_modified_time":"2025-08-28T13:21:58+00:00","og_image":[{"width":4027,"height":1189,"url":"https:\/\/www.wolfert.nl\/tweetalig\/wp-content\/uploads\/sites\/4\/2020\/04\/Untitled-2.png","type":"image\/png"}],"twitter_card":"summary_large_image","twitter_misc":{"Geschatte leestijd":"3 minuten"},"schema":{"@context":"https:\/\/schema.org","@graph":[{"@type":"WebPage","@id":"https:\/\/www.wolfert.nl\/tweetalig\/schoolinfo\/tweetalig_havo\/","url":"https:\/\/www.wolfert.nl\/tweetalig\/schoolinfo\/tweetalig_havo\/","name":"Tweetalig havo - Wolfert Tweetalig","isPartOf":{"@id":"https:\/\/www.wolfert.nl\/tweetalig\/#website"},"primaryImageOfPage":{"@id":"https:\/\/www.wolfert.nl\/tweetalig\/schoolinfo\/tweetalig_havo\/#primaryimage"},"image":{"@id":"https:\/\/www.wolfert.nl\/tweetalig\/schoolinfo\/tweetalig_havo\/#primaryimage"},"thumbnailUrl":"https:\/\/www.wolfert.nl\/tweetalig\/wp-content\/uploads\/sites\/4\/2020\/04\/Untitled-2.png","datePublished":"2017-09-14T10:45:17+00:00","dateModified":"2025-08-28T13:21:58+00:00","breadcrumb":{"@id":"https:\/\/www.wolfert.nl\/tweetalig\/schoolinfo\/tweetalig_havo\/#breadcrumb"},"inLanguage":"nl-NL","potentialAction":[{"@type":"ReadAction","target":["https:\/\/www.wolfert.nl\/tweetalig\/schoolinfo\/tweetalig_havo\/"]}]},{"@type":"ImageObject","inLanguage":"nl-NL","@id":"https:\/\/www.wolfert.nl\/tweetalig\/schoolinfo\/tweetalig_havo\/#primaryimage","url":"https:\/\/www.wolfert.nl\/tweetalig\/wp-content\/uploads\/sites\/4\/2020\/04\/Untitled-2.png","contentUrl":"https:\/\/www.wolfert.nl\/tweetalig\/wp-content\/uploads\/sites\/4\/2020\/04\/Untitled-2.png","width":4027,"height":1189},{"@type":"BreadcrumbList","@id":"https:\/\/www.wolfert.nl\/tweetalig\/schoolinfo\/tweetalig_havo\/#breadcrumb","itemListElement":[{"@type":"ListItem","position":1,"name":"Home","item":"https:\/\/www.wolfert.nl\/tweetalig\/home-2-2\/"},{"@type":"ListItem","position":2,"name":"Schoolinfo","item":"https:\/\/www.wolfert.nl\/tweetalig\/schoolinfo\/"},{"@type":"ListItem","position":3,"name":"Tweetalig havo"}]},{"@type":"WebSite","@id":"https:\/\/www.wolfert.nl\/tweetalig\/#website","url":"https:\/\/www.wolfert.nl\/tweetalig\/","name":"Wolfert Tweetalig","description":"","potentialAction":[{"@type":"SearchAction","target":{"@type":"EntryPoint","urlTemplate":"https:\/\/www.wolfert.nl\/tweetalig\/?s={search_term_string}"},"query-input":{"@type":"PropertyValueSpecification","valueRequired":true,"valueName":"search_term_string"}}],"inLanguage":"nl-NL"}]}},"_links":{"self":[{"href":"https:\/\/www.wolfert.nl\/tweetalig\/wp-json\/wp\/v2\/pages\/661","targetHints":{"allow":["GET"]}}],"collection":[{"href":"https:\/\/www.wolfert.nl\/tweetalig\/wp-json\/wp\/v2\/pages"}],"about":[{"href":"https:\/\/www.wolfert.nl\/tweetalig\/wp-json\/wp\/v2\/types\/page"}],"author":[{"embeddable":true,"href":"https:\/\/www.wolfert.nl\/tweetalig\/wp-json\/wp\/v2\/users\/1"}],"replies":[{"embeddable":true,"href":"https:\/\/www.wolfert.nl\/tweetalig\/wp-json\/wp\/v2\/comments?post=661"}],"version-history":[{"count":0,"href":"https:\/\/www.wolfert.nl\/tweetalig\/wp-json\/wp\/v2\/pages\/661\/revisions"}],"up":[{"embeddable":true,"href":"https:\/\/www.wolfert.nl\/tweetalig\/wp-json\/wp\/v2\/pages\/111"}],"wp:attachment":[{"href":"https:\/\/www.wolfert.nl\/tweetalig\/wp-json\/wp\/v2\/media?parent=661"}],"curies":[{"name":"wp","href":"https:\/\/api.w.org\/{rel}","templated":true}]}}