{"id":141,"date":"2017-09-14T12:45:53","date_gmt":"2017-09-14T10:45:53","guid":{"rendered":"https:\/\/www.wolfert.nl\/tweetalig\/?page_id=141"},"modified":"2025-08-28T15:20:05","modified_gmt":"2025-08-28T13:20:05","slug":"internationaal","status":"publish","type":"page","link":"https:\/\/www.wolfert.nl\/tweetalig\/schoolinfo\/internationaal\/","title":{"rendered":"Internationaal"},"content":{"rendered":"\n<style type=\"text\/css\" data-created_by=\"avia_inline_auto\" id=\"style-css-av-cwxrh-2f1e7e900ae78f9722ce0ca25151d80d\">\n#top .av-special-heading.av-cwxrh-2f1e7e900ae78f9722ce0ca25151d80d{\npadding-bottom:10px;\n}\nbody .av-special-heading.av-cwxrh-2f1e7e900ae78f9722ce0ca25151d80d .av-special-heading-tag .heading-char{\nfont-size:25px;\n}\n.av-special-heading.av-cwxrh-2f1e7e900ae78f9722ce0ca25151d80d .av-subheading{\nfont-size:15px;\n}\n<\/style>\n<div  class='av-special-heading av-cwxrh-2f1e7e900ae78f9722ce0ca25151d80d av-special-heading-h1 blockquote modern-quote  avia-builder-el-0  el_before_av_textblock  avia-builder-el-first '><h1 class='av-special-heading-tag'  itemprop=\"headline\"  >Internationaal<\/h1><div class=\"special-heading-border\"><div class=\"special-heading-inner-border\"><\/div><\/div><\/div>\n<section  class='av_textblock_section av-1rmg4l-a28267c3dbcb6b12ed641bd9e9929752'  itemscope=\"itemscope\" itemtype=\"https:\/\/schema.org\/CreativeWork\" ><div class='avia_textblock'  itemprop=\"text\" ><p>Vanaf het moment dat je bij ons op school komt, begint het avontuur! Op deze pagina vind je een overzicht van reizen per leerjaar.<\/p>\n<\/div><\/section>\n<div  class='togglecontainer av-1ijsv9-9f952e11884afe037c28d0854b88782c  avia-builder-el-2  el_after_av_textblock  avia-builder-el-last  toggle_close_all' >\n<section class='av_toggle_section av-1efb6t-431749e0b9c23b158ad6fa4b430cb20e'  itemscope=\"itemscope\" itemtype=\"https:\/\/schema.org\/CreativeWork\" ><div role=\"tablist\" class=\"single_toggle\" data-tags=\"{Alle} \"  ><p data-fake-id='#toggle-id-1' class='toggler   '  itemprop=\"headline\"  role='tab' tabindex='0' aria-controls='toggle-id-1'>Introductie in klas 1<span class=\"toggle_icon\"><span class=\"vert_icon\"><\/span><span class=\"hor_icon\"><\/span><\/span><\/p><div id='toggle-id-1' class='toggle_wrap  '  ><div class='toggle_content invers-color '  itemprop=\"text\" ><p>Een nieuwe school is natuurlijk erg spannend: een nieuw gebouw, nieuwe klasgenoten, verschillende docenten en nieuwe vakken. We hebben een uitgebreid introductieprogramma zodat brugklasleerlingen zich ontzettend snel thuisvoelen op Wolfert Tweetalig. De coaches en de juniorcoach (een leerling uit de bovenbouw) spelen daarbij een belangrijke rol.<\/p>\n<p>Tijdens de eerste schooldagen is er, voor alle leerlingen uit klas 1, een speciaal introductieprogramma dat plaatsvindt op onze school. In de eerste periode gaan de leerlingen ook op brugklaskamp op een mooie plek in Nederland.<\/p>\n<\/div><\/div><\/div><\/section>\n<section class='av_toggle_section av-17ep1x-fdb0b9046b687451a9dd73a3cb500185'  itemscope=\"itemscope\" itemtype=\"https:\/\/schema.org\/CreativeWork\" ><div role=\"tablist\" class=\"single_toggle\" data-tags=\"{Alle} \"  ><p data-fake-id='#toggle-id-2' class='toggler   '  itemprop=\"headline\"  role='tab' tabindex='0' aria-controls='toggle-id-2'>Taalreis in klas 2<span class=\"toggle_icon\"><span class=\"vert_icon\"><\/span><span class=\"hor_icon\"><\/span><\/span><\/p><div id='toggle-id-2' class='toggle_wrap  '  ><div class='toggle_content invers-color '  itemprop=\"text\" ><p>Alle tto-leerlingen gaan in de tweede klas op een onvergetelijke taalreis naar Bath in Engeland. Zij verblijven daar bij een gastgezin en gaan elke ochtend naar de talenschool &#8216;<a href=\"http:\/\/www.bestinbath.co.uk\/\" target=\"_blank\" rel=\"noopener\">BEST in Bath<\/a>&#8216; waar zij lessen Engels volgen en aan diverse opdrachten werken. In de middag nemen de leerlingen deel aan excursies.<\/p>\n<\/div><\/div><\/div><\/section>\n<section class='av_toggle_section av-10m7ct-3ac954442ffbb809f4e28cf43ef3aa89'  itemscope=\"itemscope\" itemtype=\"https:\/\/schema.org\/CreativeWork\" ><div role=\"tablist\" class=\"single_toggle\" data-tags=\"{Alle} \"  ><p data-fake-id='#toggle-id-3' class='toggler   '  itemprop=\"headline\"  role='tab' tabindex='0' aria-controls='toggle-id-3'>Uitwisseling in klas 3<span class=\"toggle_icon\"><span class=\"vert_icon\"><\/span><span class=\"hor_icon\"><\/span><\/span><\/p><div id='toggle-id-3' class='toggle_wrap  '  ><div class='toggle_content invers-color '  itemprop=\"text\" ><p>Alle tto-leerlingen nemen in de derde klas deel aan een (online) uitwisseling met jongeren uit een ander land in Europa. Dit is een prachtige kans om internationale kennis en nieuwe ervaringen op te doen en om nieuwe culturen op te snuiven.<\/p>\n<\/div><\/div><\/div><\/section>\n<section class='av_toggle_section av-7a42d-89d0c3160998eb63c3784e83984bc2b2'  itemscope=\"itemscope\" itemtype=\"https:\/\/schema.org\/CreativeWork\" ><div role=\"tablist\" class=\"single_toggle\" data-tags=\"{Alle} \"  ><p data-fake-id='#toggle-id-4' class='toggler   '  itemprop=\"headline\"  role='tab' tabindex='0' aria-controls='toggle-id-4'>Taal- of cultuurreis VWO 4<span class=\"toggle_icon\"><span class=\"vert_icon\"><\/span><span class=\"hor_icon\"><\/span><\/span><\/p><div id='toggle-id-4' class='toggle_wrap  '  ><div class='toggle_content invers-color '  itemprop=\"text\" ><p>De leerlingen van (T)VWO 4 reizen af naar Dublin of M\u00e1laga voor een taalreis. Er is ook een cultuurreis naar Florence.<\/p>\n<\/div><\/div><\/div><\/section>\n<section class='av_toggle_section av-k90ph-100183107e2a18a7bd4d118e4dc701bb'  itemscope=\"itemscope\" itemtype=\"https:\/\/schema.org\/CreativeWork\" ><div role=\"tablist\" class=\"single_toggle\" data-tags=\"{Alle} \"  ><p data-fake-id='#toggle-id-5' class='toggler   '  itemprop=\"headline\"  role='tab' tabindex='0' aria-controls='toggle-id-5'>Internationale stage (IMAS) in het voorexamenjaar<span class=\"toggle_icon\"><span class=\"vert_icon\"><\/span><span class=\"hor_icon\"><\/span><\/span><\/p><div id='toggle-id-5' class='toggle_wrap  '  ><div class='toggle_content invers-color '  itemprop=\"text\" ><p><strong>Doelstelling<br \/>\n<\/strong>Het doel van de internationale maatschappelijke stage (iMAS) is dat leerlingen van Wolfert Tweetalig een actieve bijdrage aan de samenleving leveren door vrijwilligersactiviteiten en dat ze daarnaast ook werken aan de ontwikkeling van goed burgerschap en hun eigen competenties. Op Wolfert Tweetalig kunnen leerlingen kiezen uit een groot aantal door school georganiseerde projecten in het buitenland waaronder bijvoorbeeld Macedoni\u00eb, Bosni\u00eb, Roemeni\u00eb, Suriname en de Dominicaanse Republiek. Dit aanbod geldt natuurlijk ook voor onze leerlingen van de bovenbouw van Wolfert College (HAVO 4 en VWO 5).<\/p>\n<p><strong>Fundraising<\/strong><b><br \/>\n<\/b>Om geld in te zamelen voor IMAS, organiseren leerlingen van Wolfert Tweetalig vele acties. Zo houden zij <em>bake sales<\/em> in de pauzes en op ouderavonden, halen zij oude kleding op, worden er benefietdiners gehouden en is er de jaarlijks terugkerende internationale <em>Food Fair <\/em>waar zelfgemaakte hapjes en drankjes worden verkocht. Alle opbrengsten van deze acties worden gebruikt voor aanschaf van goederen, materialen, voedsel, etc. ten bate van de verschillende projecten.<\/p>\n<p>Lees <a href=\"https:\/\/www.wolfert.nl\/tweetalig\/schoolinfo\/imas\/\">hier<\/a> meer over de IMAS.<\/p>\n<\/div><\/div><\/div><\/section>\n<\/div>\n","protected":false},"excerpt":{"rendered":"","protected":false},"author":1,"featured_media":0,"parent":111,"menu_order":82,"comment_status":"closed","ping_status":"closed","template":"","meta":{"_acf_changed":false,"footnotes":""},"class_list":["post-141","page","type-page","status-publish","hentry"],"acf":[],"yoast_head":"<!-- This site is optimized with the Yoast SEO plugin v25.9 - https:\/\/yoast.com\/wordpress\/plugins\/seo\/ -->\n<title>Internationaal - Wolfert Tweetalig<\/title>\n<meta name=\"robots\" content=\"index, follow, max-snippet:-1, max-image-preview:large, max-video-preview:-1\" \/>\n<link rel=\"canonical\" href=\"https:\/\/www.wolfert.nl\/tweetalig\/schoolinfo\/internationaal\/\" \/>\n<meta property=\"og:locale\" content=\"nl_NL\" \/>\n<meta property=\"og:type\" content=\"article\" \/>\n<meta property=\"og:title\" content=\"Internationaal - Wolfert Tweetalig\" \/>\n<meta property=\"og:url\" content=\"https:\/\/www.wolfert.nl\/tweetalig\/schoolinfo\/internationaal\/\" \/>\n<meta property=\"og:site_name\" content=\"Wolfert Tweetalig\" \/>\n<meta property=\"article:modified_time\" content=\"2025-08-28T13:20:05+00:00\" \/>\n<meta name=\"twitter:card\" content=\"summary_large_image\" \/>\n<meta name=\"twitter:label1\" content=\"Geschatte leestijd\" \/>\n\t<meta name=\"twitter:data1\" content=\"3 minuten\" \/>\n<script type=\"application\/ld+json\" class=\"yoast-schema-graph\">{\"@context\":\"https:\/\/schema.org\",\"@graph\":[{\"@type\":\"WebPage\",\"@id\":\"https:\/\/www.wolfert.nl\/tweetalig\/schoolinfo\/internationaal\/\",\"url\":\"https:\/\/www.wolfert.nl\/tweetalig\/schoolinfo\/internationaal\/\",\"name\":\"Internationaal - Wolfert Tweetalig\",\"isPartOf\":{\"@id\":\"https:\/\/www.wolfert.nl\/tweetalig\/#website\"},\"datePublished\":\"2017-09-14T10:45:53+00:00\",\"dateModified\":\"2025-08-28T13:20:05+00:00\",\"breadcrumb\":{\"@id\":\"https:\/\/www.wolfert.nl\/tweetalig\/schoolinfo\/internationaal\/#breadcrumb\"},\"inLanguage\":\"nl-NL\",\"potentialAction\":[{\"@type\":\"ReadAction\",\"target\":[\"https:\/\/www.wolfert.nl\/tweetalig\/schoolinfo\/internationaal\/\"]}]},{\"@type\":\"BreadcrumbList\",\"@id\":\"https:\/\/www.wolfert.nl\/tweetalig\/schoolinfo\/internationaal\/#breadcrumb\",\"itemListElement\":[{\"@type\":\"ListItem\",\"position\":1,\"name\":\"Home\",\"item\":\"https:\/\/www.wolfert.nl\/tweetalig\/home-2-2\/\"},{\"@type\":\"ListItem\",\"position\":2,\"name\":\"Schoolinfo\",\"item\":\"https:\/\/www.wolfert.nl\/tweetalig\/schoolinfo\/\"},{\"@type\":\"ListItem\",\"position\":3,\"name\":\"Internationaal\"}]},{\"@type\":\"WebSite\",\"@id\":\"https:\/\/www.wolfert.nl\/tweetalig\/#website\",\"url\":\"https:\/\/www.wolfert.nl\/tweetalig\/\",\"name\":\"Wolfert Tweetalig\",\"description\":\"\",\"potentialAction\":[{\"@type\":\"SearchAction\",\"target\":{\"@type\":\"EntryPoint\",\"urlTemplate\":\"https:\/\/www.wolfert.nl\/tweetalig\/?s={search_term_string}\"},\"query-input\":{\"@type\":\"PropertyValueSpecification\",\"valueRequired\":true,\"valueName\":\"search_term_string\"}}],\"inLanguage\":\"nl-NL\"}]}<\/script>\n<!-- \/ Yoast SEO plugin. -->","yoast_head_json":{"title":"Internationaal - Wolfert Tweetalig","robots":{"index":"index","follow":"follow","max-snippet":"max-snippet:-1","max-image-preview":"max-image-preview:large","max-video-preview":"max-video-preview:-1"},"canonical":"https:\/\/www.wolfert.nl\/tweetalig\/schoolinfo\/internationaal\/","og_locale":"nl_NL","og_type":"article","og_title":"Internationaal - Wolfert Tweetalig","og_url":"https:\/\/www.wolfert.nl\/tweetalig\/schoolinfo\/internationaal\/","og_site_name":"Wolfert Tweetalig","article_modified_time":"2025-08-28T13:20:05+00:00","twitter_card":"summary_large_image","twitter_misc":{"Geschatte leestijd":"3 minuten"},"schema":{"@context":"https:\/\/schema.org","@graph":[{"@type":"WebPage","@id":"https:\/\/www.wolfert.nl\/tweetalig\/schoolinfo\/internationaal\/","url":"https:\/\/www.wolfert.nl\/tweetalig\/schoolinfo\/internationaal\/","name":"Internationaal - Wolfert Tweetalig","isPartOf":{"@id":"https:\/\/www.wolfert.nl\/tweetalig\/#website"},"datePublished":"2017-09-14T10:45:53+00:00","dateModified":"2025-08-28T13:20:05+00:00","breadcrumb":{"@id":"https:\/\/www.wolfert.nl\/tweetalig\/schoolinfo\/internationaal\/#breadcrumb"},"inLanguage":"nl-NL","potentialAction":[{"@type":"ReadAction","target":["https:\/\/www.wolfert.nl\/tweetalig\/schoolinfo\/internationaal\/"]}]},{"@type":"BreadcrumbList","@id":"https:\/\/www.wolfert.nl\/tweetalig\/schoolinfo\/internationaal\/#breadcrumb","itemListElement":[{"@type":"ListItem","position":1,"name":"Home","item":"https:\/\/www.wolfert.nl\/tweetalig\/home-2-2\/"},{"@type":"ListItem","position":2,"name":"Schoolinfo","item":"https:\/\/www.wolfert.nl\/tweetalig\/schoolinfo\/"},{"@type":"ListItem","position":3,"name":"Internationaal"}]},{"@type":"WebSite","@id":"https:\/\/www.wolfert.nl\/tweetalig\/#website","url":"https:\/\/www.wolfert.nl\/tweetalig\/","name":"Wolfert Tweetalig","description":"","potentialAction":[{"@type":"SearchAction","target":{"@type":"EntryPoint","urlTemplate":"https:\/\/www.wolfert.nl\/tweetalig\/?s={search_term_string}"},"query-input":{"@type":"PropertyValueSpecification","valueRequired":true,"valueName":"search_term_string"}}],"inLanguage":"nl-NL"}]}},"_links":{"self":[{"href":"https:\/\/www.wolfert.nl\/tweetalig\/wp-json\/wp\/v2\/pages\/141","targetHints":{"allow":["GET"]}}],"collection":[{"href":"https:\/\/www.wolfert.nl\/tweetalig\/wp-json\/wp\/v2\/pages"}],"about":[{"href":"https:\/\/www.wolfert.nl\/tweetalig\/wp-json\/wp\/v2\/types\/page"}],"author":[{"embeddable":true,"href":"https:\/\/www.wolfert.nl\/tweetalig\/wp-json\/wp\/v2\/users\/1"}],"replies":[{"embeddable":true,"href":"https:\/\/www.wolfert.nl\/tweetalig\/wp-json\/wp\/v2\/comments?post=141"}],"version-history":[{"count":0,"href":"https:\/\/www.wolfert.nl\/tweetalig\/wp-json\/wp\/v2\/pages\/141\/revisions"}],"up":[{"embeddable":true,"href":"https:\/\/www.wolfert.nl\/tweetalig\/wp-json\/wp\/v2\/pages\/111"}],"wp:attachment":[{"href":"https:\/\/www.wolfert.nl\/tweetalig\/wp-json\/wp\/v2\/media?parent=141"}],"curies":[{"name":"wp","href":"https:\/\/api.w.org\/{rel}","templated":true}]}}