{"id":7016,"date":"2020-09-12T15:19:48","date_gmt":"2020-09-12T13:19:48","guid":{"rendered":"https:\/\/www.wolfert.nl\/college\/?page_id=7016"},"modified":"2022-01-05T00:07:42","modified_gmt":"2022-01-04T23:07:42","slug":"veelgestelde-vragen-coronavirus","status":"publish","type":"page","link":"https:\/\/www.wolfert.nl\/college\/veelgestelde-vragen-coronavirus\/","title":{"rendered":"Veelgestelde vragen Coronavirus"},"content":{"rendered":"\n<style type=\"text\/css\" data-created_by=\"avia_inline_auto\" id=\"style-css-av-ja3pvs-cb7c5b612d021d60770f002257a78b34\">\n.flex_column.av-ja3pvs-cb7c5b612d021d60770f002257a78b34{\nborder-radius:0px 0px 0px 0px;\n-webkit-border-radius:0px 0px 0px 0px;\n-moz-border-radius:0px 0px 0px 0px;\n}\n<\/style>\n<div class='flex_column av-ja3pvs-cb7c5b612d021d60770f002257a78b34 av_one_full  avia-builder-el-0  el_before_av_toggle_container  avia-builder-el-first  first flex_column_div av-zero-column-padding '   ><section  class='av_textblock_section av-kezms1ak-50cc4af093b1daf2563ce176fb992246'  itemscope=\"itemscope\" itemtype=\"https:\/\/schema.org\/CreativeWork\" ><div class='avia_textblock'  itemprop=\"text\" ><p>Op Wolfert College handelen we altijd volgens de meest recente inzichten en de richtlijnen van het <a href=\"https:\/\/www.rijksoverheid.nl\/onderwerpen\/coronavirus-covid-19\/nederlandse-maatregelen-tegen-het-coronavirus\/gezondheidsadviezen\" target=\"_blank\" rel=\"noopener\">RIVM<\/a>. We verzoeken je om eerst na te gaan of jouw vraag misschien bij onderstaande <em>Veelgestelde vragen<\/em> opgenomen is en daarmee wordt beantwoord.<\/p>\n<p>Heb je toch nog een vraag dan kan deze gemaild worden naar <a href=\"mailto:wc-communicatieoop@wolfert.nl\" target=\"_blank\" rel=\"noopener\">wc-communicatieoop@wolfert.nl<\/a>.<\/p>\n<p>We zullen jouw vraag dan z.s.m. beantwoorden!<\/p>\n<\/div><\/section><\/div>\n<div  class='togglecontainer av-kezp4z3l-c48c42b1e45d4ded0c32f55914633bd3  avia-builder-el-2  el_after_av_one_full  avia-builder-el-last  toggle_close_all' >\n<section class='av_toggle_section av-jhd7go-dfd0f19151f72c989cd50475c1c687a1'  itemscope=\"itemscope\" itemtype=\"https:\/\/schema.org\/CreativeWork\" ><div role=\"tablist\" class=\"single_toggle\" data-tags=\"{Alle} \"  ><p data-fake-id='#toggle-id-1' class='toggler   '  itemprop=\"headline\"  role='tab' tabindex='0' aria-controls='toggle-id-1'>Hoe worden ouders ge\u00efnformeerd wanneer een leerling of medewerker positief op Covid-19 is getest?<span class=\"toggle_icon\"><span class=\"vert_icon\"><\/span><span class=\"hor_icon\"><\/span><\/span><\/p><div id='toggle-id-1' class='toggle_wrap  '  ><div class='toggle_content invers-color '  itemprop=\"text\" ><p><strong>Leerling is positief getest op COVID-19:<\/strong><br \/>\nDe schoolleiding van Wolfert College zal leerlingen en ouders van de klas waar de leerling die positief getest is in zit, uitgebreid per email informeren. Deze mail wordt verstuurd vanuit het <a href=\"mailto:communicatiewc@wolfert.nl\">communicatiewc@wolfert.nl<\/a> account van Wolfert College.<\/p>\n<p><strong>Personeelslid is positief getest op COVID-19:<\/strong><br \/>\nDe schoolleiding van Wolfert College zal leerlingen en ouders uitgebreid per email informeren. Deze mail wordt verstuurd vanuit het <a href=\"mailto:communicatiewc@wolfert.nl\">communicatiewc@wolfert.nl<\/a> account van Wolfert College.<\/p>\n<div class=\"gmail_quote\">\n<div dir=\"ltr\">\n<div class=\"gmail_quote\">\n<div dir=\"ltr\">\n<div class=\"gmail_quote\">\n<div dir=\"ltr\">\n<div class=\"gmail_quote\">\n<div dir=\"ltr\"><\/div>\n<\/div>\n<\/div>\n<\/div>\n<\/div>\n<\/div>\n<\/div>\n<\/div>\n<\/div><\/div><\/div><\/section>\n<section class='av_toggle_section av-hrycew-74eee847d8c5976300e690157b583ebb'  itemscope=\"itemscope\" itemtype=\"https:\/\/schema.org\/CreativeWork\" ><div role=\"tablist\" class=\"single_toggle\" data-tags=\"{Alle} \"  ><p data-fake-id='#toggle-id-2' class='toggler   '  itemprop=\"headline\"  role='tab' tabindex='0' aria-controls='toggle-id-2'>Wat moet ik doen wanneer ik corona-gerelateerde klachten heb?<span class=\"toggle_icon\"><span class=\"vert_icon\"><\/span><span class=\"hor_icon\"><\/span><\/span><\/p><div id='toggle-id-2' class='toggle_wrap  '  ><div class='toggle_content invers-color '  itemprop=\"text\" ><p>Wanneer je gezondheidsklachten hebt die mogelijk passen bij COVID-19, blijf dan thuis, laat je ouders naar school bellen en laat jezelf testen.<\/p>\n<p>Klachten die veel voorkomen:<\/p>\n<ul>\n<li>Verkoudheidsklachten zoals neusverkoudheid, loopneus, niezen, keelpijn<\/li>\n<li>Hoesten<\/li>\n<li>Benauwdheid<\/li>\n<li>Verhoging of koorts<\/li>\n<li>Plotseling verlies van reuk en\/of smaak (zonder neusverstopping)<\/li>\n<\/ul>\n<p>Belangrijk:<\/p>\n<ul>\n<li>Blijf thuis als je een of meer van de bovenstaande klachten hebt.<\/li>\n<li>Laat \u00e9\u00e9n van je ouders naar school bellen<\/li>\n<li>Als je koorts en\/of benauwdheid hebt, moet iedereen in het huishouden thuisblijven.<\/li>\n<li>Laat jezelf testen. Jouw ouders moeten direct hiervoor een afspraak maken bij de GGD.<br \/>\nZie <a href=\"http:\/\/rijksoverheid.nl\/onderwerpen\/coronavirus-covid-19\/testen\/afspraak-maken\" target=\"_blank\" rel=\"noopener\">rijksoverheid.nl\/onderwerpen\/coronavirus-covid-19\/testen\/afspraak-maken<\/a>.<\/li>\n<li>Wordt je in de loop van de dag zieker?<br \/>\nGa\u00a0<strong>niet<\/strong>\u00a0naar de huisarts of het ziekenhuis toe, maar\u00a0<strong>bel<\/strong>\u00a0de huisarts.<\/li>\n<\/ul>\n<\/div><\/div><\/div><\/section>\n<section class='av_toggle_section av-fgkl54-27c554449e4403dd3d8fddc32ddf3d39'  itemscope=\"itemscope\" itemtype=\"https:\/\/schema.org\/CreativeWork\" ><div role=\"tablist\" class=\"single_toggle\" data-tags=\"{Alle} \"  ><p data-fake-id='#toggle-id-3' class='toggler   '  itemprop=\"headline\"  role='tab' tabindex='0' aria-controls='toggle-id-3'>Wat moet ik doen als ik gedurende de dag gezondheidsklachten krijg die corona-gerelateerd zijn?<span class=\"toggle_icon\"><span class=\"vert_icon\"><\/span><span class=\"hor_icon\"><\/span><\/span><\/p><div id='toggle-id-3' class='toggle_wrap  '  ><div class='toggle_content invers-color '  itemprop=\"text\" ><p>Wanneer je gedurende de schooldag gezondheidsklachten krijgt, meld je je af bij \u00e9\u00e9n van de teamassistentes en wordt \u00e9\u00e9n van je ouders gebeld en ga je rechtstreeks naar huis. Wanneer er huisgenoten op school aanwezig zijn, worden die door de teamassistente ge\u00efnformeerd en gaan zij ook naar huis.<\/p>\n<\/div><\/div><\/div><\/section>\n<section class='av_toggle_section av-dvywns-ecadd7433e2c088e1b8750b31071720c'  itemscope=\"itemscope\" itemtype=\"https:\/\/schema.org\/CreativeWork\" ><div role=\"tablist\" class=\"single_toggle\" data-tags=\"{Alle} \"  ><p data-fake-id='#toggle-id-4' class='toggler   '  itemprop=\"headline\"  role='tab' tabindex='0' aria-controls='toggle-id-4'>Ik ben getest op COVID-19 en de uitslag is negatief<span class=\"toggle_icon\"><span class=\"vert_icon\"><\/span><span class=\"hor_icon\"><\/span><\/span><\/p><div id='toggle-id-4' class='toggle_wrap  '  ><div class='toggle_content invers-color '  itemprop=\"text\" ><p>Bij een <strong>negatieve testuitslag<\/strong> hoeven jij en jouw huisgenoten niet meer thuis te blijven. Je mag weer doen wat je normaal ook zou doen en dus kun je weer naar school. Als er nieuwe klachten ontstaan of de bestaande klachten verergeren na de testafname, dan moet je wel thuisblijven en opnieuw een coronatest laten afnemen.<\/p>\n<\/div><\/div><\/div><\/section>\n<section class='av_toggle_section av-d3eyhk-1e932b2dd0de8e352fd63864d5ebfce7'  itemscope=\"itemscope\" itemtype=\"https:\/\/schema.org\/CreativeWork\" ><div role=\"tablist\" class=\"single_toggle\" data-tags=\"{Alle} \"  ><p data-fake-id='#toggle-id-5' class='toggler   '  itemprop=\"headline\"  role='tab' tabindex='0' aria-controls='toggle-id-5'>Ik ben getest op COVID-19 en de uitslag is positief<span class=\"toggle_icon\"><span class=\"vert_icon\"><\/span><span class=\"hor_icon\"><\/span><\/span><\/p><div id='toggle-id-5' class='toggle_wrap  '  ><div class='toggle_content invers-color '  itemprop=\"text\" ><p>Bij een <strong>positieve testuitslag<\/strong> moet je thuis in isolatie uitzieken, omdat je besmettelijk kunt zijn voor anderen. Ook je huisgenoten moeten thuisblijven, omdat zij misschien door jouw besmet zijn geraakt. Zo voorkomen zij dat zij anderen besmetten.<\/p>\n<p>Bovendien moet \u00e9\u00e9n van jouw ouders contact opnemen met school om door te geven dat jouw testuitslag positief is.<\/p>\n<p>Je mag weer uit isolatie als:<\/p>\n<ol>\n<li>je 24 uur geen klachten meer heeft die passen bij COVID-19<\/li>\n<li>\u00e9n het minimaal 7 dagen geleden is dat je ziek werd.<\/li>\n<\/ol>\n<p>Kijk op <a href=\"https:\/\/www.rijksoverheid.nl\/onderwerpen\/coronavirus-covid-19\" target=\"_blank\" rel=\"noopener\">Rijksoverheid.nl<\/a> voor meer informatie.<\/p>\n<\/div><\/div><\/div><\/section>\n<section class='av_toggle_section av-atfs7c-4ed9e0064c22ef5efc2dffc951b72320'  itemscope=\"itemscope\" itemtype=\"https:\/\/schema.org\/CreativeWork\" ><div role=\"tablist\" class=\"single_toggle\" data-tags=\"{Alle} \"  ><p data-fake-id='#toggle-id-6' class='toggler   '  itemprop=\"headline\"  role='tab' tabindex='0' aria-controls='toggle-id-6'>Ik moet thuis blijven omdat ik corona-gerelateerde klachten heb, wacht op de testuitslag of positief getest ben. Hoe moet ik nu de lessen volgen?<span class=\"toggle_icon\"><span class=\"vert_icon\"><\/span><span class=\"hor_icon\"><\/span><\/span><\/p><div id='toggle-id-6' class='toggle_wrap  '  ><div class='toggle_content invers-color '  itemprop=\"text\" ><p>In het geval dat je thuis moet blijven, ga je vanuit huis onderwijs volgen. Je gaat thuis aan de slag met je les volgens rooster.<\/p>\n<p>Open je agenda in Magister en ga naar de les. Daar zie je aantekeningen en\/of opdrachten staan die je gaat maken.<\/p>\n<\/div><\/div><\/div><\/section>\n<section class='av_toggle_section av-9gh3ew-984b2db3b900a2d64ec461a50aef6965'  itemscope=\"itemscope\" itemtype=\"https:\/\/schema.org\/CreativeWork\" ><div role=\"tablist\" class=\"single_toggle\" data-tags=\"{Alle} \"  ><p data-fake-id='#toggle-id-7' class='toggler   '  itemprop=\"headline\"  role='tab' tabindex='0' aria-controls='toggle-id-7'>Wat moet ik doen als een huisgenoot positief is getest?<span class=\"toggle_icon\"><span class=\"vert_icon\"><\/span><span class=\"hor_icon\"><\/span><\/span><\/p><div id='toggle-id-7' class='toggle_wrap  '  ><div class='toggle_content invers-color '  itemprop=\"text\" ><p>Het belangrijkste is dat je 10 dagen in <strong>thuisquarantaine<\/strong> blijft, omdat je na het laatste risicocontact nog ziek kunt worden. Door thuis te blijven is de kans klein dat je andere mensen besmet als blijkt dat je ziek bent. Je kunt klachten krijgen zoals:<\/p>\n<ul>\n<li>verkoudheidsklachten; neusverkoudheid, loopneus, niezen, keelpijn<\/li>\n<li>(licht) hoesten<\/li>\n<li>plotseling verlies van reuk\u00a0en\/of smaak\u00a0(zonder neusverstopping)<\/li>\n<li>kortademigheid\/benauwdheid<\/li>\n<li>verhoging \u00f3f koorts boven de 37,5 graden Celsius<\/li>\n<\/ul>\n<p>Bovendien moet \u00e9\u00e9n van je ouders contact opnemen met school en doorgeven dat je in <strong>thuisquarantaine<\/strong> moet blijven.<\/p>\n<p>Ondertussen volg jij thuis de lessen volgens het rooster in Magister.<\/p>\n<\/div><\/div><\/div><\/section>\n<section class='av_toggle_section av-7yrkxk-7ea5843795a701d0d5b8800f9e25dbf6'  itemscope=\"itemscope\" itemtype=\"https:\/\/schema.org\/CreativeWork\" ><div role=\"tablist\" class=\"single_toggle\" data-tags=\"{Alle} \"  ><p data-fake-id='#toggle-id-8' class='toggler   '  itemprop=\"headline\"  role='tab' tabindex='0' aria-controls='toggle-id-8'>Moet ik een mondkapje dragen op school?<span class=\"toggle_icon\"><span class=\"vert_icon\"><\/span><span class=\"hor_icon\"><\/span><\/span><\/p><div id='toggle-id-8' class='toggle_wrap  '  ><div class='toggle_content invers-color '  itemprop=\"text\" ><p><em>De mondkapjesplicht is in november 2021 weer ingegaan.<\/em><\/p>\n<p>Zodra je je gaat verplaatsen binnen de school is het dragen van een mondkapje verplicht.<br \/>\nVoel jij je er echter prettiger bij om de gehele dag een mondkapje te dragen dan is dat uiteraard toegestaan.<\/p>\n<\/div><\/div><\/div><\/section>\n<section class='av_toggle_section av-6bk0tk-e938dc1939be737c2601113dd1c6f543'  itemscope=\"itemscope\" itemtype=\"https:\/\/schema.org\/CreativeWork\" ><div role=\"tablist\" class=\"single_toggle\" data-tags=\"{Alle} \"  ><p data-fake-id='#toggle-id-9' class='toggler   '  itemprop=\"headline\"  role='tab' tabindex='0' aria-controls='toggle-id-9'>Hoe zit het met de hygi\u00ebne en veiligheid op school?<span class=\"toggle_icon\"><span class=\"vert_icon\"><\/span><span class=\"hor_icon\"><\/span><\/span><\/p><div id='toggle-id-9' class='toggle_wrap  '  ><div class='toggle_content invers-color '  itemprop=\"text\" ><p>De <a href=\"https:\/\/www.rijksoverheid.nl\/onderwerpen\/coronavirus-covid-19\/nederlandse-maatregelen-tegen-het-coronavirus\/gezondheidsadviezen\" target=\"_blank\" rel=\"noopener\">RIVM-richtlijnen<\/a> zijn nog altijd leidend. Dat betekent:<\/p>\n<ul>\n<li>Je wast je handen meerdere keren per dag goed.<\/li>\n<li>Je schudt geen handen.<\/li>\n<li>Je hoest en niest in je elleboog.<\/li>\n<li>Je zit niet aan je gezicht.<\/li>\n<\/ul>\n<p>De RIVM-richtlijnen schrijven ook hygi\u00ebnemaatregelen voor. Dit betekent dat op school desinfecterende handgel bij de ingangen en in de klaslokalen staat.<\/p>\n<ul>\n<li>Tijdens het gebruik van de lokalen staan de ramen en de deur zoveel mogelijk open. Op die manier is het gebouw altijd goed geventileerd. Neem een extra trui mee voor het geval het koud wordt in het lokaal.<\/li>\n<li>Het gebouw wordt meerdere keren per dag professioneel gereinigd. Trapleuningen en deurklinken worden extra gereinigd.<\/li>\n<li>De gymlessen kunnen weer zowel binnen als buiten plaatsvinden. De kleedkamers kunnen veilig gebruikt worden maar voor de zekerheid zal er geen gebruik worden gemaakt van de douches.<\/li>\n<li>Iedereen wordt verzocht om zoveel mogelijk naar school te komen lopen, fietsen of met de auto etc. dan wel zich te laten brengen en halen en het OV zoveel mogelijk te mijden.<\/li>\n<\/ul>\n<\/div><\/div><\/div><\/section>\n<section class='av_toggle_section av-cwm3c-05a0b2dc4be21af3fb86679cb5c1b9d7'  itemscope=\"itemscope\" itemtype=\"https:\/\/schema.org\/CreativeWork\" ><div role=\"tablist\" class=\"single_toggle\" data-tags=\"{Alle} \"  ><p data-fake-id='#toggle-id-10' class='toggler   '  itemprop=\"headline\"  role='tab' tabindex='0' aria-controls='toggle-id-10'>Beslisboom voor leerlingen Wolfert College<span class=\"toggle_icon\"><span class=\"vert_icon\"><\/span><span class=\"hor_icon\"><\/span><\/span><\/p><div id='toggle-id-10' class='toggle_wrap  '  ><div class='toggle_content invers-color '  itemprop=\"text\" ><p>De beslisboom is ontwikkeld op basis van de richtlijnen van het RIVM en is een leidraad voor ouders van alle kinderen in het voortgezet onderwijs (vanaf ca. 12 jaar) en volwassenen.<\/p>\n<p>Met de beslisboom kun je beoordelen of je wel of niet naar school en\/of werk mag. Deze beslisboom gaat uit van personen met een normale gezondheid, zonder onderliggende ziekten.<\/p>\n<p>Klik <a href=\"https:\/\/www.wolfert.nl\/college\/wp-content\/uploads\/sites\/2\/2021\/09\/Beslisboom.pdf\" target=\"_blank\" rel=\"noopener\"><strong>hier<\/strong><\/a> voor de beslisboom in pdf.<\/p>\n<p><img loading=\"lazy\" decoding=\"async\" class=\"size-full wp-image-8550 aligncenter\" src=\"https:\/\/www.wolfert.nl\/college\/wp-content\/uploads\/sites\/2\/2021\/09\/Beslisboom.jpg\" alt=\"\" width=\"699\" height=\"1027\" srcset=\"https:\/\/www.wolfert.nl\/college\/wp-content\/uploads\/sites\/2\/2021\/09\/Beslisboom.jpg 699w, https:\/\/www.wolfert.nl\/college\/wp-content\/uploads\/sites\/2\/2021\/09\/Beslisboom-204x300.jpg 204w, https:\/\/www.wolfert.nl\/college\/wp-content\/uploads\/sites\/2\/2021\/09\/Beslisboom-480x705.jpg 480w\" sizes=\"auto, (max-width: 699px) 100vw, 699px\" \/><\/p>\n<\/div><\/div><\/div><\/section>\n<section class='av_toggle_section av-28ct7s-e41a1a70b1d607606d87865093894eba'  itemscope=\"itemscope\" itemtype=\"https:\/\/schema.org\/CreativeWork\" ><div role=\"tablist\" class=\"single_toggle\" data-tags=\"{Alle} \"  ><p data-fake-id='#toggle-id-11' class='toggler   '  itemprop=\"headline\"  role='tab' tabindex='0' aria-controls='toggle-id-11'>Waar kan ik informatie vinden in een andere taal dan Nederlands?<span class=\"toggle_icon\"><span class=\"vert_icon\"><\/span><span class=\"hor_icon\"><\/span><\/span><\/p><div id='toggle-id-11' class='toggle_wrap  '  ><div class='toggle_content invers-color '  itemprop=\"text\" ><p>Uitgebreide informatie in het Engels is beschikbaar op <a href=\"https:\/\/www.rivm.nl\/en\/novel-coronavirus-covid-19\/quarantine\" target=\"_blank\" rel=\"noopener\">https:\/\/www.rivm.nl\/en\/novel-coronavirus-covid-19\/quarantine<\/a>.<\/p>\n<\/div><\/div><\/div><\/section>\n<\/div>\n","protected":false},"excerpt":{"rendered":"","protected":false},"author":13,"featured_media":0,"parent":0,"menu_order":48,"comment_status":"closed","ping_status":"closed","template":"","meta":{"_acf_changed":false,"footnotes":""},"class_list":["post-7016","page","type-page","status-publish","hentry"],"acf":[],"yoast_head":"<!-- This site is optimized with the Yoast SEO plugin v25.9 - https:\/\/yoast.com\/wordpress\/plugins\/seo\/ -->\n<title>Veelgestelde vragen Coronavirus - Wolfert College<\/title>\n<meta name=\"robots\" content=\"index, follow, max-snippet:-1, max-image-preview:large, max-video-preview:-1\" \/>\n<link rel=\"canonical\" href=\"https:\/\/www.wolfert.nl\/college\/veelgestelde-vragen-coronavirus\/\" \/>\n<meta property=\"og:locale\" content=\"nl_NL\" \/>\n<meta property=\"og:type\" content=\"article\" \/>\n<meta property=\"og:title\" content=\"Veelgestelde vragen Coronavirus - Wolfert College\" \/>\n<meta property=\"og:url\" content=\"https:\/\/www.wolfert.nl\/college\/veelgestelde-vragen-coronavirus\/\" \/>\n<meta property=\"og:site_name\" content=\"Wolfert College\" \/>\n<meta property=\"article:modified_time\" content=\"2022-01-04T23:07:42+00:00\" \/>\n<meta property=\"og:image\" content=\"https:\/\/www.wolfert.nl\/college\/wp-content\/uploads\/sites\/2\/2021\/09\/Beslisboom.jpg\" \/>\n<meta name=\"twitter:card\" content=\"summary_large_image\" \/>\n<meta name=\"twitter:label1\" content=\"Geschatte leestijd\" \/>\n\t<meta name=\"twitter:data1\" content=\"7 minuten\" \/>\n<script type=\"application\/ld+json\" class=\"yoast-schema-graph\">{\"@context\":\"https:\/\/schema.org\",\"@graph\":[{\"@type\":\"WebPage\",\"@id\":\"https:\/\/www.wolfert.nl\/college\/veelgestelde-vragen-coronavirus\/\",\"url\":\"https:\/\/www.wolfert.nl\/college\/veelgestelde-vragen-coronavirus\/\",\"name\":\"Veelgestelde vragen Coronavirus - Wolfert College\",\"isPartOf\":{\"@id\":\"https:\/\/www.wolfert.nl\/college\/#website\"},\"primaryImageOfPage\":{\"@id\":\"https:\/\/www.wolfert.nl\/college\/veelgestelde-vragen-coronavirus\/#primaryimage\"},\"image\":{\"@id\":\"https:\/\/www.wolfert.nl\/college\/veelgestelde-vragen-coronavirus\/#primaryimage\"},\"thumbnailUrl\":\"https:\/\/www.wolfert.nl\/college\/wp-content\/uploads\/sites\/2\/2021\/09\/Beslisboom.jpg\",\"datePublished\":\"2020-09-12T13:19:48+00:00\",\"dateModified\":\"2022-01-04T23:07:42+00:00\",\"breadcrumb\":{\"@id\":\"https:\/\/www.wolfert.nl\/college\/veelgestelde-vragen-coronavirus\/#breadcrumb\"},\"inLanguage\":\"nl-NL\",\"potentialAction\":[{\"@type\":\"ReadAction\",\"target\":[\"https:\/\/www.wolfert.nl\/college\/veelgestelde-vragen-coronavirus\/\"]}]},{\"@type\":\"ImageObject\",\"inLanguage\":\"nl-NL\",\"@id\":\"https:\/\/www.wolfert.nl\/college\/veelgestelde-vragen-coronavirus\/#primaryimage\",\"url\":\"https:\/\/www.wolfert.nl\/college\/wp-content\/uploads\/sites\/2\/2021\/09\/Beslisboom.jpg\",\"contentUrl\":\"https:\/\/www.wolfert.nl\/college\/wp-content\/uploads\/sites\/2\/2021\/09\/Beslisboom.jpg\",\"width\":699,\"height\":1027},{\"@type\":\"BreadcrumbList\",\"@id\":\"https:\/\/www.wolfert.nl\/college\/veelgestelde-vragen-coronavirus\/#breadcrumb\",\"itemListElement\":[{\"@type\":\"ListItem\",\"position\":1,\"name\":\"Home\",\"item\":\"https:\/\/www.wolfert.nl\/college\/\"},{\"@type\":\"ListItem\",\"position\":2,\"name\":\"Veelgestelde vragen Coronavirus\"}]},{\"@type\":\"WebSite\",\"@id\":\"https:\/\/www.wolfert.nl\/college\/#website\",\"url\":\"https:\/\/www.wolfert.nl\/college\/\",\"name\":\"Wolfert College\",\"description\":\"\",\"potentialAction\":[{\"@type\":\"SearchAction\",\"target\":{\"@type\":\"EntryPoint\",\"urlTemplate\":\"https:\/\/www.wolfert.nl\/college\/?s={search_term_string}\"},\"query-input\":{\"@type\":\"PropertyValueSpecification\",\"valueRequired\":true,\"valueName\":\"search_term_string\"}}],\"inLanguage\":\"nl-NL\"}]}<\/script>\n<!-- \/ Yoast SEO plugin. -->","yoast_head_json":{"title":"Veelgestelde vragen Coronavirus - Wolfert College","robots":{"index":"index","follow":"follow","max-snippet":"max-snippet:-1","max-image-preview":"max-image-preview:large","max-video-preview":"max-video-preview:-1"},"canonical":"https:\/\/www.wolfert.nl\/college\/veelgestelde-vragen-coronavirus\/","og_locale":"nl_NL","og_type":"article","og_title":"Veelgestelde vragen Coronavirus - Wolfert College","og_url":"https:\/\/www.wolfert.nl\/college\/veelgestelde-vragen-coronavirus\/","og_site_name":"Wolfert College","article_modified_time":"2022-01-04T23:07:42+00:00","og_image":[{"url":"https:\/\/www.wolfert.nl\/college\/wp-content\/uploads\/sites\/2\/2021\/09\/Beslisboom.jpg","type":"","width":"","height":""}],"twitter_card":"summary_large_image","twitter_misc":{"Geschatte leestijd":"7 minuten"},"schema":{"@context":"https:\/\/schema.org","@graph":[{"@type":"WebPage","@id":"https:\/\/www.wolfert.nl\/college\/veelgestelde-vragen-coronavirus\/","url":"https:\/\/www.wolfert.nl\/college\/veelgestelde-vragen-coronavirus\/","name":"Veelgestelde vragen Coronavirus - Wolfert College","isPartOf":{"@id":"https:\/\/www.wolfert.nl\/college\/#website"},"primaryImageOfPage":{"@id":"https:\/\/www.wolfert.nl\/college\/veelgestelde-vragen-coronavirus\/#primaryimage"},"image":{"@id":"https:\/\/www.wolfert.nl\/college\/veelgestelde-vragen-coronavirus\/#primaryimage"},"thumbnailUrl":"https:\/\/www.wolfert.nl\/college\/wp-content\/uploads\/sites\/2\/2021\/09\/Beslisboom.jpg","datePublished":"2020-09-12T13:19:48+00:00","dateModified":"2022-01-04T23:07:42+00:00","breadcrumb":{"@id":"https:\/\/www.wolfert.nl\/college\/veelgestelde-vragen-coronavirus\/#breadcrumb"},"inLanguage":"nl-NL","potentialAction":[{"@type":"ReadAction","target":["https:\/\/www.wolfert.nl\/college\/veelgestelde-vragen-coronavirus\/"]}]},{"@type":"ImageObject","inLanguage":"nl-NL","@id":"https:\/\/www.wolfert.nl\/college\/veelgestelde-vragen-coronavirus\/#primaryimage","url":"https:\/\/www.wolfert.nl\/college\/wp-content\/uploads\/sites\/2\/2021\/09\/Beslisboom.jpg","contentUrl":"https:\/\/www.wolfert.nl\/college\/wp-content\/uploads\/sites\/2\/2021\/09\/Beslisboom.jpg","width":699,"height":1027},{"@type":"BreadcrumbList","@id":"https:\/\/www.wolfert.nl\/college\/veelgestelde-vragen-coronavirus\/#breadcrumb","itemListElement":[{"@type":"ListItem","position":1,"name":"Home","item":"https:\/\/www.wolfert.nl\/college\/"},{"@type":"ListItem","position":2,"name":"Veelgestelde vragen Coronavirus"}]},{"@type":"WebSite","@id":"https:\/\/www.wolfert.nl\/college\/#website","url":"https:\/\/www.wolfert.nl\/college\/","name":"Wolfert College","description":"","potentialAction":[{"@type":"SearchAction","target":{"@type":"EntryPoint","urlTemplate":"https:\/\/www.wolfert.nl\/college\/?s={search_term_string}"},"query-input":{"@type":"PropertyValueSpecification","valueRequired":true,"valueName":"search_term_string"}}],"inLanguage":"nl-NL"}]}},"_links":{"self":[{"href":"https:\/\/www.wolfert.nl\/college\/wp-json\/wp\/v2\/pages\/7016","targetHints":{"allow":["GET"]}}],"collection":[{"href":"https:\/\/www.wolfert.nl\/college\/wp-json\/wp\/v2\/pages"}],"about":[{"href":"https:\/\/www.wolfert.nl\/college\/wp-json\/wp\/v2\/types\/page"}],"author":[{"embeddable":true,"href":"https:\/\/www.wolfert.nl\/college\/wp-json\/wp\/v2\/users\/13"}],"replies":[{"embeddable":true,"href":"https:\/\/www.wolfert.nl\/college\/wp-json\/wp\/v2\/comments?post=7016"}],"version-history":[{"count":0,"href":"https:\/\/www.wolfert.nl\/college\/wp-json\/wp\/v2\/pages\/7016\/revisions"}],"wp:attachment":[{"href":"https:\/\/www.wolfert.nl\/college\/wp-json\/wp\/v2\/media?parent=7016"}],"curies":[{"name":"wp","href":"https:\/\/api.w.org\/{rel}","templated":true}]}}